87*x**2 + 1175*x - 1. Is v(-6) prime?
False
Let x = -26385 - -65338. Is x a composite number?
False
Let d(l) = -666*l - 8. Let y be d(2). Let h = y - -2401. Is h composite?
False
Let m be 0 - (12 + -4) - -7. Is (m/3)/((-18)/1297566) composite?
False
Let m(w) = -5*w - w**2 - 3*w + 4*w**2 - 5. Let v be m(3). Let s(f) = -1098*f + 7. Is s(v) composite?
False
Let t(i) be the first derivative of 35*i**4/6 + i**3/3 - i**2/2 + 24*i - 16. Let z(r) be the first derivative of t(r). Is z(-3) a composite number?
True
Let y(n) = -n**2 + n - 3. Let m be y(2). Let g = 116 + -110. Is 3833/2*(m - (-1 - g)) composite?
False
Suppose 199*y + 7564 = 136*y + 94*y. Let v(a) = -566*a - 1. Let p be v(-1). Let s = p - y. Is s a composite number?
True
Suppose -n - 2*i = -260497, n - 5*i - 781524 = -2*n. Is n a prime number?
False
Suppose -11*r = -14*r - 4*n + 785533, -r + 261837 = 5*n. Is r a composite number?
False
Let b(l) = 17767*l**3 + 3*l**2 - 2*l + 7. Is b(2) a prime number?
True
Suppose -5*f = 3*m - 57 - 5, -f - 2*m + 11 = 0. Let j be 87/7 - (-18)/(-42). Suppose j*o + 287 = f*o. Is o composite?
True
Let d(q) = 40*q - 1148. Let c(u) = 40*u - 1151. Let p(z) = -5*c(z) + 4*d(z). Is p(0) prime?
True
Let g(c) = -3297*c - 143. Is g(-4) composite?
True
Suppose s - 4 = p - 2, 0 = 2*s - 4*p. Suppose x + s*h = 11, -8*x - 11 = -3*x - 2*h. Is (x + -385)*(1 + -2) a prime number?
False
Suppose 5*g - 2*n = 441445, -5*g - 17*n = -20*n - 441445. Is g prime?
True
Let m = 64022 - 14593. Is m a composite number?
False
Let a(r) = 43*r**2 - 14*r - 38. Let p be a(9). Let g = -1910 + p. Is g prime?
True
Suppose 14*k = -23 + 37. Is k + 5 + -5 + 2812 prime?
False
Let v = -139 + 139. Is (40 - 14) + 2/6*v prime?
False
Let m be (-1078)/(-7)*26/4. Suppose 2*y = 0, 2*a + 0*y + 696 = 2*y. Let p = a + m. Is p a prime number?
True
Suppose -2*h = -4*j - 1174, -2*h + 3*j - j = -1176. Suppose o - 308 = -3*s, -3*s = -o - o + h. Is o prime?
False
Suppose -4*n - n + 4750 = 0. Let j = n + -601. Let v = 660 - j. Is v prime?
True
Let p(o) = -4*o**3 + 10*o**2 + 7*o + 12. Let t(n) = n**3 - n**2 - n - 1. Let q(l) = -p(l) - 5*t(l). Let i be q(-5). Is i*(-1082)/9*24/(-16) a prime number?
True
Let x(h) = -573*h - 382. Let p(b) = -b - 1. Let v(o) = 382*p(o) - x(o). Let y be 3 - 3 - (8 - (-72)/(-8)). Is v(y) a prime number?
True
Is (-1380018)/(-4)*(308/165 + (-72)/60) composite?
False
Let h = 786 + -289. Let j = h + -384. Is j composite?
False
Suppose 0*j = -5*j + 4*u + 390399, 5*j = -5*u + 390390. Is j prime?
True
Let x(d) = 60844*d + 1091. Is x(8) a prime number?
True
Is (-1 - 18)*(-14)/(266/4237) prime?
False
Let n(t) = -2*t**3 - 3*t**2 - 6*t - 5. Suppose -k - 2*k = -5*d + 1, 4*k + d + 9 = 0. Let q be n(k). Is q/(-55) - 16236/(-5) composite?
True
Suppose 0 = d - 4*y - 62435, -2*d + 137291 - 12428 = -y. Is d a prime number?
False
Suppose -4*t + 5*x = -3746035, -2*x = 5*t + 2638963 - 7321548. Is t composite?
True
Suppose -5*m + 109767 = 4*h, 69605 = 3*h + m - 12712. Suppose 3*j = -2*w - 13720, -2*w = -6*w - 5*j - h. Let z = w + 9720. Is z a composite number?
True
Let d be (-82)/(-3) - -1 - (-24)/36. Suppose 30*j = d*j + 8803. Is j a prime number?
True
Is 10 + (18 - 15) - -68838 a composite number?
True
Suppose 4*a - 212168 = -2*i - 3*i, 0 = 2*a - 4*i - 106110. Is a composite?
False
Let b = 36 - 31. Suppose -m - 3*u = -9, 0 = b*m + 4*u - 6*u - 11. Is -3044*5/(-60)*m a prime number?
True
Suppose 767 - 783 = -8*q. Let k be (-2)/2*1/1. Is -34*(-52)/4 + q + k prime?
True
Let l = -120 - -133. Suppose -d - l*d + 191086 = 0. Is d prime?
True
Suppose -3*r - 11280 = -51*r. Suppose -2*z - q + r - 57 = 0, -z + 5*q = -111. Is z composite?
True
Let l be -10 + (2 - -2) - -2. Let a be (-1)/l - (-2)/((-32)/(-76)). Suppose -a*m = -1129 - 1186. Is m a prime number?
True
Let z(r) = 95*r**2 - 23*r + 2659. Is z(54) composite?
False
Let l(i) = -13*i**3 - 43*i**2 - 87*i - 290. Is l(-21) a prime number?
True
Suppose 251*s - 283*s + 9947360 = 0. Is s a composite number?
True
Suppose -377 + 371 = 6*j. Let d(s) = -3250*s + 1. Is d(j) prime?
True
Suppose -218*a + 11871797 + 85830883 = -82464946. Is a composite?
True
Let n(r) = -r**3 + 9*r**2 + 12*r + 6. Let u be n(11). Let s = u + 34. Let j = s + 132. Is j composite?
True
Suppose 4*a + 8 = 5*a. Suppose -7*m + 5*m + a = 0. Suppose 7*n = 2*n + v + 638, m*v = -n + 115. Is n a prime number?
True
Is ((-15)/3 - -7) + (-6 - (-440220)/4) composite?
False
Suppose 104*d - 105*d = -7922. Let g = d + -3013. Is g prime?
True
Let q(n) = 316*n**3 + 3*n**2 - 2*n. Let j(y) = -y + 16. Let s be j(11). Suppose -s*r = 2*m - 1 - 0, 3*r + 1 = -2*m. Is q(r) a prime number?
True
Suppose 3*x = -p + 3, 0*x = 3*x + 2*p - 3. Let v(h) = -9*h**3 + 1. Let k be v(x). Is -251*(-5 - (k + 4)) composite?
False
Let v be -4*6/(0 + -12). Is v/8 - 6/((-96)/11692) a prime number?
False
Suppose -5*m + 44 = -86. Suppose -5*k = g - 14, -3*k - 5*g + m = -0*k. Suppose 3*d - k*q = 6*d - 440, 3 = 3*q. Is d a prime number?
False
Let r be (-1 + (-1 - -73))*-1. Let z = r + 67. Is -121*(z + 4 + -1) a prime number?
False
Suppose 2*s - 31511 = 3*y, 137*s + y = 142*s - 78784. Is s a composite number?
True
Let d(g) = g**2 + 9*g - 7. Suppose -6*a - 20 = -4*a. Let i be d(a). Suppose -t + u = i*t - 457, u - 233 = -2*t. Is t a prime number?
False
Suppose -3*i - 92*i = 28*i - 23493. Let u = -320 - -216. Let v = u + i. Is v a prime number?
False
Let i(m) = m**3 + 3*m**2 - m - 3. Let x be i(-3). Let a(r) = r**3 - 2*r**2 - 2*r + 13. Let j be a(x). Is 2/6*(j - -332) a composite number?
True
Let z(h) be the third derivative of h**6/120 - 2*h**5/15 + h**4/8 + 11*h**3/2 + 2*h**2 + 8. Is z(10) prime?
True
Let k(s) = 8*s**2. Suppose -5 = 2*r - 15, 4*r - 21 = -h. Let w be k(h). Is -2 + 1802/w + (-11)/44 a prime number?
True
Let j(y) = 7*y**2 - 26*y - 23. Let s be 20/(-7)*245/70. Is j(s) a prime number?
True
Suppose -31*v = -5*v - 270783 + 11459. Is v composite?
True
Let z(i) = -4*i. Let g(o) = -31*o + 6833. Let a(s) = g(s) + 6*z(s). Is a(0) composite?
False
Suppose 485*x + 1039767 = 3*g + 484*x, -2*x - 693178 = -2*g. Is g a composite number?
False
Let c = 15 + -12. Suppose 2*q + 7 = -c, q = -2*r + 5. Suppose -x + 1381 = -r*s, 3*x + 3*s + 2734 = 5*x. Is x a composite number?
False
Let f(s) be the third derivative of -11*s**4/24 - 8*s**3/3 + s**2 + 38. Is f(-13) a prime number?
True
Let u(p) = -p**2 + 4. Let m be u(2). Suppose m = 17*w - 80841 + 7078. Is w a composite number?
False
Suppose 7*t = -3*t + 2*t + 630712. Is t a composite number?
False
Let u be (11 + -2)*(-8)/(-12). Let c(l) = -57*l**2 - u*l + 9 + 0 + 68*l**2. Is c(5) a composite number?
True
Suppose -48*f = l - 49*f - 297713, l - 4*f = 297695. Is l a prime number?
True
Is (-5)/(-250)*-5 + 3024655/50 a composite number?
False
Let l(v) = 64*v**2 + 4*v - 128. Let q be l(13). Let t = q + -3331. Is t prime?
False
Let g(x) = -33283*x + 681. Is g(-2) a prime number?
True
Let h be 6/(-14) - 7872/(-336). Suppose -h*w = -7*w - 176752. Is w composite?
False
Suppose -8 = 10*h + 72. Let r(s) = 83*s**2 - 7*s + 35. Is r(h) a composite number?
True
Let i(r) = 4*r - 16. Let f be 4 + 4/(-8)*-2. Let j be i(f). Suppose 0 = 2*s + j*s - 5442. Is s composite?
False
Let x be 0/(-1) + -2 - (-35 - 0). Let s = 33 - x. Suppose 0 = -4*w - s*w + 1016. Is w a composite number?
True
Let i be (-6)/(-42) - ((-4)/(-14))/2. Suppose -z - 1423 + 8502 = i. Is z prime?
True
Suppose 18*v - 3333878 - 720388 = 0. Is v a composite number?
True
Suppose -2*p + u = -889, -2*u = 87*p - 83*p - 1790. Suppose -x = p - 12457. Is x a composite number?
False
Let a be (-2)/(-4) - 3206/4. Let c be 27263/(-12) - ((-1145)/(-60) - 19). Let k = a - c. Is k composite?
False
Let h = 50681 + -25918. Is h prime?
True
Let n(z) = 340*z**2 - z + 1. Let g be -2 - 0 - 0/(-1). Is n(g) a composite number?
True
Let n(f) = 12*f**2 - f + 1. Let y be n(13). Let s = y - 377. Is s a composite number?
True
Let f(n) = -6608*n**3 - 3*n**2 - 2*n - 3. Let o be f(-2). Suppose 26*p - 9*p - o = 0. Is p a prime number?
True
Let g(t) = 602*t**2 - 6*t - 459. Is g(-14) composite?
False
Suppose 4416*m - 4*l = 4414*m + 16942, 3*m - 25401 = 2*l. Is m composite?
True
Is (147/49)/(1/3) + 29974 prime?
True
Let k(z) = z**2 + 2*z**3 + 0*z**3 + 19 - 3*z**3 + 2*z + z**2. Let q be k(7). Let f = q